ands digit of 763351?
7
What is the thousands digit of 5267424?
7
What is the millions digit of 3556937?
3
What is the units digit of 1555038?
8
What is the tens digit of 48756?
5
What is the hundreds digit of 203969?
9
What is the millions digit of 2254533?
2
What is the hundred thousands digit of 343995?
3
What is the units digit of 3194764?
4
What is the hundreds digit of 5096839?
8
What is the hundreds digit of 41916079?
0
What is the hundreds digit of 602033?
0
What is the thousands digit of 582656?
2
What is the thousands digit of 270025?
0
What is the hundreds digit of 573320?
3
What is the hundreds digit of 592868?
8
What is the thousands digit of 57061?
7
What is the tens digit of 61593?
9
What is the units digit of 395720?
0
What is the ten thousands digit of 12842831?
4
What is the hundreds digit of 1861726?
7
What is the hundred thousands digit of 243365?
2
What is the tens digit of 12380531?
3
What is the ten thousands digit of 462197?
6
What is the hundreds digit of 31979499?
4
What is the hundreds digit of 486614?
6
What is the units digit of 63089?
9
What is the hundreds digit of 12200669?
6
What is the hundreds digit of 4501968?
9
What is the hundreds digit of 1275329?
3
What is the millions digit of 38301690?
8
What is the millions digit of 7401965?
7
What is the units digit of 202073?
3
What is the hundred thousands digit of 5968175?
9
What is the ten thousands digit of 20878198?
7
What is the tens digit of 3979197?
9
What is the tens digit of 191085?
8
What is the thousands digit of 149205?
9
What is the hundred thousands digit of 656048?
6
What is the tens digit of 629827?
2
What is the ten thousands digit of 176707?
7
What is the units digit of 168299?
9
What is the millions digit of 17853431?
7
What is the thousands digit of 1070278?
0
What is the millions digit of 2533350?
2
What is the units digit of 183691?
1
What is the hundreds digit of 333330?
3
What is the hundreds digit of 302481?
4
What is the hundred thousands digit of 109244?
1
What is the thousands digit of 2243923?
3
What is the hundred thousands digit of 4816912?
8
What is the ten thousands digit of 279646?
7
What is the units digit of 33256013?
3
What is the tens digit of 344849?
4
What is the hundreds digit of 6807074?
0
What is the ten thousands digit of 20180?
2
What is the tens digit of 94393?
9
What is the millions digit of 2044172?
2
What is the hundred thousands digit of 2832877?
8
What is the tens digit of 4592687?
8
What is the hundreds digit of 176239?
2
What is the hundreds digit of 2243005?
0
What is the hundreds digit of 1506855?
8
What is the hundred thousands digit of 1999624?
9
What is the tens digit of 1016466?
6
What is the units digit of 24433392?
2
What is the millions digit of 1088551?
1
What is the units digit of 1265426?
6
What is the thousands digit of 81486?
1
What is the units digit of 27491?
1
What is the tens digit of 9570180?
8
What is the hundred thousands digit of 875303?
8
What is the tens digit of 692010?
1
What is the tens digit of 1245862?
6
What is the tens digit of 14617211?
1
What is the hundreds digit of 1512737?
7
What is the thousands digit of 2557349?
7
What is the tens digit of 9545148?
4
What is the hundred thousands digit of 29532559?
5
What is the tens digit of 342183?
8
What is the hundreds digit of 264670?
6
What is the tens digit of 197551?
5
What is the millions digit of 1178980?
1
What is the hundreds digit of 665460?
4
What is the hundred thousands digit of 2233424?
2
What is the hundreds digit of 2176554?
5
What is the hundred thousands digit of 9269144?
2
What is the ten millions digit of 13743825?
1
What is the thousands digit of 285143?
5
What is the hundreds digit of 15435748?
7
What is the hundred thousands digit of 2516130?
5
What is the hundred thousands digit of 1065107?
0
What is the thousands digit of 1753924?
3
What is the ten thousands digit of 128986?
2
What is the hundreds digit of 55808?
8
What is the ten thousands digit of 4871709?
7
What is the millions digit of 2355103?
2
What is the thousands digit of 2441112?
1
What is the thousands digit of 34962?
4
What is the thousands digit of 608936?
8
What is the thousands digit of 644872?
4
What is the units digit of 12058216?
6
What is the hundred thousands digit of 289963?
2
What is the thousands digit of 1255169?
5
What is the units digit of 2075171?
1
What is the thousands digit of 3199778?
9
What is the thousands digit of 3358691?
8
What is the ten millions digit of 14999188?
1
What is the ten thousands digit of 1561271?
6
What is the hundred thousands digit of 362086?
3
What is the hundred thousands digit of 1110322?
1
What is the millions digit of 7727648?
7
What is the thousands digit of 31915?
1
What is the millions digit of 8821729?
8
What is the hundred thousands digit of 125793?
1
What is the tens digit of 3000752?
5
What is the units digit of 2713672?
2
What is the hundred thousands digit of 8675243?
6
What is the hundreds digit of 5221694?
6
What is the tens digit of 183670?
7
What is the thousands digit of 9769155?
9
What is the tens digit of 282048?
4
What is the tens digit of 2854854?
5
What is the thousands digit of 475042?
5
What is the thousands digit of 21698969?
8
What is the hundreds digit of 446701?
7
What is the hundreds digit of 18350070?
0
What is the units digit of 173461?
1
What is the hundreds digit of 34855?
8
What is the thousands digit of 34530?
4
What is the ten thousands digit of 1233885?
3
What is the hundreds digit of 189436?
4
What is the thousands digit of 917947?
7
What is the units digit of 572943?
3
What is the ten millions digit of 14289999?
1
What is the ten thousands digit of 374906?
7
What is the thousands digit of 487510?
7
What is the tens digit of 630272?
7
What is the tens digit of 1375378?
7
What is the units digit of 139916?
6
What is the thousands digit of 9694142?
4
What is the hundreds digit of 121520?
5
What is the thousands digit of 4779572?
9
What is the millions digit of 4549332?
4
What is the thousands digit of 3493273?
3
What is the units digit of 434766?
6
What is the millions digit of 5591882?
5
What is the tens digit of 6323950?
5
What is the thousands digit of 934126?
4
What is the thousands digit of 4109111?
9
What is the hundred thousands digit of 148326?
1
What is the tens digit of 1194426?
2
What is the hundred thousands digit of 11705230?
7
What is the tens digit of 400945?
4
What is the hundreds digit of 3621?
6
What is the hundreds digit of 3203977?
9
What is the tens digit of 181336?
3
What is the units digit of 734111?
1
What is the millions digit of 7235990?
7
What is the tens digit of 1340475?
7
What is the hundreds digit of 1033170?
1
What is the ten thousands digit of 1338355?
3
What is the units digit of 319611?
1
What is the tens digit of 24840599?
9
What is the thousands digit of 1045930?
5
What is the hundred thousands digit of 1266038?
2
What is the thousands digit of 100236?
0
What is the hundreds digit of 1426942?
9
What is the thousands digit of 12766191?
6
What is the hundreds digit of 223897?
8
What is the units digit of 246831?
1
What is the thousands digit of 2095761?
5
What is the units digit of 6858825?
5
What is the hundreds digit of 457428?
4
What is the ten thousands digit of 4886165?
8
What is the tens digit of 28234210?
1
What is the hundreds digit of 3626939?
9
What is the thousands digit of 16027780?
7
What is the hundreds digit of 366981?
9
What is the units digit of 1888160?
0
What is the hundred thousands digit of 1648501?
6
What is the units digit of 359643?
3
What is the hundreds digit of 5362296?
2
What is the ten thousands digit of 565845?
6
What is the ten millions digit of 21033554?
2
What is the ten thousands digit of 4960875?
6
What is the tens digit of 453047?
4
What is the thousands digit of 3311889?
1
What is the hundred thousands digit of 1487129?
4
What is the units digit of 88174?
4
What is the thousands digit of 35181?
5
What is the units digit of 4055730?
0
What is the hundreds digit of 10195597?
5
What is the tens digit of 3289523?
2
What is the units digit of 1260995?
5
What is the thousands digit of 50760?
0
What is the ten thousands digit of 481592?
8
What is the ten thousands digit of 42396553?
9
What is the hundred th